t is v(u)?
13
Let q(r) = r**2 - 4. Let v = 122 + -127. Determine q(v).
21
Let y(n) = 2*n**2 + n - 1. Suppose p = 2*x - 20 + 29, -4*p + 10 = 5*x. What is y(x)?
5
Suppose -5*f - 43*b + 47*b = -12, 5*f + 12 = -4*b. Let i(c) = 4*c**2 + c - 2. Give i(f).
-2
Suppose k + 0*k - 18 = 0. Suppose -31*m = -7*m - 360. Let f(z) = -2*z + k + m - 30. Calculate f(2).
-1
Let y(t) = t**2 + t - 1. Let p(k) = -k**3 - 11*k**2 + k - 11. Let g(x) = -p(x) - 5*y(x). Determine g(-7).
9
Suppose 2*q = 3*q. Suppose 2*h + 2*h = -3*v, 2*h + v = q. Suppose -4*s = 5*c - 17, c = -5*s - h - 5. Let z(j) = j**2 - 3*j. Calculate z(c).
10
Let y(s) = -s - 11*s + 9*s + 21. Let l be y(7). Let c(x) = -x**3 - 1. Give c(l).
-1
Let j = -11 - -32. Let k be (-8)/(-3 + j/9). Let v(d) = -11*d**2 + 4 + 2*d**3 + 3*d + k*d**2 - 3*d**3. What is v(3)?
-5
Let x(b) = -10*b**2 - b**3 + 12*b + 12 - 31 + 17. Calculate x(-11).
-13
Let v(r) = -r**3 - 5*r**2 - r - 2. Let x(f) = f - 1. Let d be x(-4). Let g be v(d). Let b(c) = 2*c - 7*c**2 + c**g - 7*c - 4 - 2*c**3 - 3*c. Calculate b(-6).
8
Let n(w) be the third derivative of w**4/24 + w**3/2 + 3*w**2. Suppose -5*o = -o + 40. Let v = o - -10. Determine n(v).
3
Let n(f) be the second derivative of 5*f**3/6 + 2*f**2 + 169*f. Give n(6).
34
Let w(x) = 3*x - 4. Let n be (-18)/4*(-24)/18. Calculate w(n).
14
Let o(j) = -j**2 - 11*j + 17. Let m be (-39)/(-9)*(-12 - -9). Determine o(m).
-9
Let f(n) = n**3 + 11*n**2 + 9*n - 3. Let i be f(-10). Let q(a) = -a**3 + 8*a**2 - 6*a - 1. Give q(i).
6
Let f(h) be the first derivative of -7*h**2/2 - h - 92. What is f(1)?
-8
Let a(m) = 4. Let h be 0*(-3 - (-10)/4). Let l(k) = h*k + 0*k + 6 - 13 + k. Let f(z) = 7*a(z) + 4*l(z). Calculate f(-1).
-4
Let q(r) be the third derivative of 0*r - 5/24*r**4 + r**2 + 0*r**3 + 0. Suppose 5*w - 4 = 1. Determine q(w).
-5
Let y be 6/(-21) + ((-600)/(-42) - 3). Let s(c) = c - 10. Give s(y).
1
Let s(p) = 2*p - 25. Let v(h) = h + 18. Let j be v(-6). What is s(j)?
-1
Let f = 2 - 4. Let h(k) = 2*k**2 - k + 2. Let s(n) = -6*n**2 - n - 7. Let b(a) = 2*h(a) + s(a). Calculate b(f).
-5
Let k(j) = 4*j**2 - 4*j + 2. Let p(d) = -d**2 - d + 2. Suppose 0 = 2*z - 8*z. Let u be p(z). What is k(u)?
10
Let h(z) = -1086 + z + 541 + 539. Determine h(7).
1
Let u(s) be the third derivative of s**4/24 + 17*s**3/6 - 211*s**2. Determine u(-12).
5
Let a(w) = 1 + 0*w + 12*w - 6*w + 0*w. What is a(3)?
19
Let j be 20/12*(-648)/180. Let s(y) be the third derivative of -y**5/60 - 3*y**4/8 - 4*y**3/3 - y**2. Calculate s(j).
10
Let p(l) = l**3 + 8*l**2 - 5*l - 23. Let q be p(-8). Suppose 4*x - t - q = 0, -x - t = 1 + 1. Let k(u) = u**3 - 3*u**2 - u + 2. Give k(x).
-1
Let y(b) = -5*b**2 + 16*b + 18. Let g(f) = 4*f**2 - 15*f - 17. Let a(q) = 4*g(q) + 3*y(q). Let m(j) be the first derivative of a(j). Calculate m(10).
8
Let u(o) be the third derivative of o**6/120 - o**5/10 + 5*o**4/24 - 13*o**2. Let s(k) = -k + 5. Let h be s(7). Let m be 1/(27/(-15) - h). Determine u(m).
0
Let i(h) = -h + 20. Suppose 0 = -3*b + 3*r - 39, -2*r - 32 = 2*b - 6*r. Let t be 5/25 - (-2)/b. What is i(t)?
20
Let v be (2 - (-1 - -4)) + -40. Let t = 32 + v. Let h(o) = o + 7. Give h(t).
-2
Let a(n) be the second derivative of -1/6*n**3 - 2*n**2 + 2*n + 0. What is a(-7)?
3
Let l(z) = 5*z**3 + 4*z**2 - 12*z + 7. Let g(q) = q**3 - 2*q + 1. Let w(c) = -6*g(c) + l(c). Give w(2).
9
Let m(t) = -10*t - 10*t**2 + 18725*t**3 + 6 - 18726*t**3 - 9. Calculate m(-8).
-51
Suppose -6*a - 352 = -328. Let o(f) = f**2 - 2*f + 3. Determine o(a).
27
Let m(l) = l**3 - l**2 + 2*l - 1. Let o be 24/(-15)*5/(-2). Suppose o*p + 3*t = 2*t - 21, 0 = 5*t - 15. Let v be (-2 - p/3) + 1. Calculate m(v).
1
Let b(d) = d - 4. Let m be b(-7). Let n(z) = -z**3 + 6*z**2 + 2*z - 2. Let i be n(6). Let g = i + m. Let f(w) = 2*w. Give f(g).
-2
Let c(z) = -2*z + 26. Let g be c(12). Let o(x) = 6*x - g*x**2 + 6*x - 15*x. Let s be -3 - (2 + -1)/(-1). Determine o(s).
-2
Let u(d) = d**2 - 4. Suppose 33 + 3 = 3*m. Let l(z) = z**2 + 2*z. Let g be l(-3). Suppose -2*p + g*a + 22 = 1, -3*a = p + m. Give u(p).
5
Let m(s) = -7*s**2 - 24*s + 9. Let b(l) = 8*l**2 + 26*l - 8. Let p(d) = 6*b(d) + 7*m(d). What is p(-12)?
15
Suppose -19*z + 6*z + 39 = 0. Let i(v) = 2*v - 3. Give i(z).
3
Let n(q) = q**2 + q + 1. Let w = 495 - 493. Calculate n(w).
7
Let i be (-4*65/(-80) + -4)/(42/(-112)). Let t(h) = -3*h - 2 + 2 + 2. Calculate t(i).
-4
Let a(h) = -h**2 - 6*h + 42. Let v be a(-10). Let p(l) = -23 + l**2 + v*l + 43 - 21 + 3*l. Give p(-5).
-1
Let c(d) = 4*d + 14 + 7*d - 8 - 8 - 7*d. Suppose 4*o + 10 = 2. Calculate c(o).
-10
Let f(d) = d. Let v(u) = -5*u - 11. Let m(k) = -4*f(k) - v(k). Determine m(-2).
9
Suppose j = -0*j + 3. Let c be 4/(-7) - (60/(-7) + 8). Let b = c + j. Let u(y) = -y**2 + 2*y - 4. Determine u(b).
-7
Let l(t) be the third derivative of 1/60*t**5 + 1/6*t**3 + 1/24*t**4 + 0*t + 11*t**2 + 11/120*t**6 + 0. Calculate l(-1).
-10
Let c(k) = k**3 + 12*k**2 - 13*k + 4. Let m be 2/15 + 1182/(-90). What is c(m)?
4
Let s(i) = -3*i - 5. Let q = -1085 + 1082. What is s(q)?
4
Suppose 18 = -1993*z + 1990*z. Let v(x) = -x**2 - 7*x + 1. Give v(z).
7
Let z(d) be the second derivative of 0 + 7/2*d**2 + 7*d - 1/10*d**5 + 1/120*d**6 - 1/24*d**4 - d**3. Let h(j) be the first derivative of z(j). Determine h(6).
-12
Let n(j) = j**3 - 2*j**2 + j - 2. Suppose -3*l - 7*l + 50 = 0. Suppose -3*u = l*x - 6 - 0, 0 = 5*u + 15. Determine n(x).
10
Let y(v) = -3 + 2*v + 7*v - 3*v - 3. What is y(-4)?
-30
Let q(f) = f - 5. Let o be q(8). Let u(l) = -25*l + 21*l - l**2 + 4 + 2*l**2. Calculate u(o).
1
Suppose -5*r + 27 = -18. Let n = r - 7. Suppose -s + 6*s - 4*a = -19, n*s = 2*a - 6. Let j(b) = b**3 + 8*b**2 + 5*b + 5. Determine j(s).
19
Let k = 39 + -33. Let m = 11 - k. Let j(b) = -b**2 + 4*b - 1. Determine j(m).
-6
Let i(x) = 30*x**2 - 1. Let r = -1301 + 1300. Give i(r).
29
Let j(b) = 2*b + 1. Let z(h) = -3*h - 2. Let l(d) = -7*j(d) - 5*z(d). Let y(k) = 8*k - 100. Let a be y(13). Give l(a).
7
Let a(s) = -s + 3. Let g be (-18)/(-4) - 27/18. Suppose -g*m + 24 = m. Calculate a(m).
-3
Let g(i) = -i - 3. Suppose 0 = 3*m + 2*m. Suppose m = 2*w - 5*w + 9. Calculate g(w).
-6
Suppose -1 - 9 = 5*b. Let z be (-29)/(-29) + (2*1)/2. Let t(c) = -8*c + 9*c - 2 + 2*c**z + 3. Determine t(b).
7
Let s be (-4 - 27/(-6))*-8. Let q(v) = -5*v - 4. Calculate q(s).
16
Let q(v) be the third derivative of -v**5/30 + 5*v**4/24 - v**3/2 - 35*v**2. Determine q(4).
-15
Let s(d) be the third derivative of d**8/20160 - d**7/630 - d**6/720 + d**5/15 - 10*d**2. Let n(b) be the third derivative of s(b). Calculate n(8).
-1
Let r(w) = 14*w**2 - 2 + 6*w**3 + 12*w**2 - 31*w**2 - 5*w**3 - 6*w. Give r(5).
-32
Suppose -5*l + 5 = -0. Let t = l - -6. Let v(p) be the second derivative of -p**5/20 + 2*p**4/3 - 5*p**3/6 - 9*p**2/2 + 5*p + 184. What is v(t)?
5
Let v(c) = -c**3 + 8*c**2 - 8*c + 8. Suppose -49 = -39*w + 32*w. Calculate v(w).
1
Let v(x) = -x**3 - 3*x**2 - x + 1. Let z(k) = k**2 + 3*k - 12. Suppose -2 = -2*s - 6. Let d(q) = 4*q + 3. Let g be d(s). Let o be z(g). What is v(o)?
-1
Suppose 0*y - 2 = -y. Let q(b) = 3*b**y + 7 + 0*b**2 - 7*b**2 - 4*b. Let t(d) = d**2 - 1. Let g(a) = q(a) + 5*t(a). What is g(4)?
2
Let z be (4 - 35/5) + 3. Suppose -4*m + b + b + 2 = z, -2*b = 2*m + 2. Let l(p) = p**2 - p - 3. Determine l(m).
-3
Let n(x) be the first derivative of x**2 + 15*x + 22. What is n(-10)?
-5
Let i(f) = -f**3 + 3*f**2 + 5*f + 1. Suppose 0 = -3*j - 20*j. Suppose -9*y - y + 40 = j. Give i(y).
5
Let i(d) = -2*d**2 - d - 3. Let f(p) = -2*p**2 - p - 2. Let h(n) = 5*f(n) - 6*i(n). Let v(m) = -m**2 - 1. Let r(j) = h(j) + 3*v(j). What is r(0)?
5
Let o(f) = f**3 - 5*f**2 + 4*f - 1. Let g = 92 - 53. Let k = g + -34. Give o(k).
19
Let s(r) = -r**2 - 5*r - 5. Let n be -8*(-1)/6*(-6)/4. Let d be s(n). Let p(l) = 7*l**2 - l. What is p(d)?
6
Let f(u) = -3 + 0*u**2 + 0 - u + u**2. Let v be 0/((-4 + 3)/((-3)/(-6))). What is f(v)?
-3
Let u(x) be the third derivative of x**5/60 + x**4/24 - x**3/6 + x**2. Suppose -2 + 3 = -130*f + 1. What is u(f)?
-1
Suppose -86*k + 41 + 45 = 0. Let r(y) = -7*y**3 - 3*y**2 + 2*y. Give r(k).
-8
Let d(i) = 5*i**2 - 10*i + 64. Let q(m) = 3*m**2 - 7*m + 43. Let a(c) = 5*d(c) - 8*q(c). Give a(-9).
3
Let p be (9/(-6))/((-15)/140). Let b = 16 - p. Let r(x) = -x*